i) = -4*i**2 - 14*i + 3. Determine z(-7).
-95
Let b(u) = u + 16. Determine b(-7).
9
Let y(j) = -21*j**2 - 9*j - 3. What is y(-3)?
-165
Let r(y) = 24*y**3 - 3*y**2 - y + 1. What is r(-1)?
-25
Let v(i) = 2*i**3 + 4*i**2 + 2*i - 2. Calculate v(-2).
-6
Let p(i) = 3*i**2 + i - 1. What is p(1)?
3
Let n(f) = f**2 + 5*f - 8. What is n(-5)?
-8
Let m(v) = v**3 + 11*v**2 + 11*v + 15. Give m(-10).
5
Let v(c) = 11*c - 43. Determine v(5).
12
Let z(v) = -v**3 + 4*v**2 - 6*v - 3. What is z(3)?
-12
Let o(z) = z**3 - 27*z**2 + z + 28. Determine o(27).
55
Let f(z) = -2*z**3 - 25*z**2 - 78*z + 6. Determine f(-6).
6
Let z(f) = -2*f - 20. Give z(-14).
8
Let w(s) = s**3 - 15*s**2 - 39*s + 41. Determine w(17).
-44
Let y(w) = w - 10. What is y(5)?
-5
Let z(v) = -17*v + 113. Give z(6).
11
Let u(r) = 2*r - 35. Calculate u(16).
-3
Let n(t) = -t**3 + 11*t**2 - 5*t - 62. What is n(9)?
55
Let x(p) = 50*p + 406. What is x(-8)?
6
Let i(y) = -65*y**3 + 4*y**2 + 3*y + 2. Calculate i(-1).
68
Let i(v) = v**3 - 12*v**2 - 11*v. What is i(13)?
26
Let f(t) = -2*t - 18. Calculate f(-9).
0
Let q(a) = -a**2 - 2*a + 4. Determine q(3).
-11
Let b(n) = n**3 - 19*n**2 + 18*n - 40. Determine b(18).
-40
Let j(m) = m**3 + 11*m**2 + 11*m + 7. Give j(-10).
-3
Let g(r) = 2*r**2 + 12*r + 10. What is g(-5)?
0
Let z(l) = 35*l + 4. What is z(-1)?
-31
Let h(l) = l**3 + l - 1. Calculate h(0).
-1
Let t(n) = 56*n + 792. Determine t(-14).
8
Let k(r) = 12*r - 944. Determine k(79).
4
Let v(b) = 3*b**2 + b + 1. Calculate v(-4).
45
Let n(l) = -4*l**2 - 3*l + 5. Determine n(2).
-17
Let f(u) = -u**3 - 22*u**2 + 42*u - 148. Calculate f(-24).
-4
Let s(p) = 13*p + 57. What is s(-7)?
-34
Let v(p) = 5*p + 6. Give v(0).
6
Let m(k) = -k**2 + 10*k - 7. Calculate m(10).
-7
Let k(g) = g**3 - 7*g**2 - 2*g - 9. Determine k(7).
-23
Let x(t) = 96*t - 288. Determine x(3).
0
Let x(g) = -g**3 + 6*g**2 + 5*g - 33. What is x(6)?
-3
Let b(r) = -17*r - 78. What is b(-5)?
7
Let x(r) = r**2 + 9*r + 2. Calculate x(-8).
-6
Let s(l) = 4*l + 40. What is s(-7)?
12
Let v(k) = -34*k**2 + k. Calculate v(1).
-33
Let t(f) = -2*f + 3. Determine t(3).
-3
Let o(q) = 2*q**2 + 22*q + 51. Calculate o(-3).
3
Let o(k) = -k + 9. Determine o(-6).
15
Let r(z) = 10*z**3 + 3*z**2 - 4*z + 2. Give r(2).
86
Let p(n) = -n**2 - 56*n + 436. What is p(-63)?
-5
Let q(s) = -s**3 + s + 24. What is q(0)?
24
Let u(y) = 3*y - 1. Determine u(6).
17
Let m(h) = -2*h**3 - 9*h**2 - 2*h + 5. Give m(-4).
-3
Let t(p) = -p**3 + 15*p**2 + 13*p + 57. Determine t(16).
9
Let r(h) = -h**2 + 2*h - 25. Determine r(0).
-25
Let n(m) = -3*m**2 - 12*m - 26. Determine n(-4).
-26
Let d(b) = b + 15. Calculate d(-7).
8
Let i(a) = a**3 + 11*a**2 - 8*a + 15. Give i(-12).
-33
Let b(y) = 55*y**2 + 2*y + 1. Give b(-1).
54
Let z(x) = x**3 - 9*x**2 - x - 7. Determine z(8).
-79
Let k(g) = g + 6. What is k(-4)?
2
Let v(o) = -o**3 - 6*o**2 - 22. Calculate v(-6).
-22
Let y(r) = 9*r**2 + 5*r + 2. What is y(-1)?
6
Let j(b) = -5*b - 76. What is j(0)?
-76
Let h(b) = -b**3 - 11*b**2 + 59*b - 7. Calculate h(-15).
8
Let w(z) = 6*z**3 + z**2 - 3*z + 3. What is w(-3)?
-141
Let r(j) = -j**3 - 9*j**2 + 3*j. Calculate r(-9).
-27
Let j(y) = -5*y + 20. Determine j(-4).
40
Let x(n) = -n**2 + 4*n + 1. What is x(-5)?
-44
Let t(x) = 4*x - 15. What is t(7)?
13
Let w(c) = -3*c**2 + 31*c - 54. Calculate w(9).
-18
Let n(a) = -3*a - 34. What is n(-11)?
-1
Let r(c) = -3*c**2 - 2. What is r(-2)?
-14
Let n(b) = -b**2 + 2*b + 10. Calculate n(-3).
-5
Let d(q) = q**2 - 67. Give d(0).
-67
Let m(y) = -y**3 - 9*y**2 - 16*y - 2. What is m(-7)?
12
Let f(o) = o**3 + 6*o**2 + 9*o + 13. What is f(-4)?
9
Let a(p) = p**2 - 15*p + 3. What is a(7)?
-53
Let o(b) = b**2 + 9*b + 4. What is o(-6)?
-14
Let o(m) = -13*m + 112. Give o(16).
-96
Let a(g) = 5*g - 8. Determine a(8).
32
Let n(q) = q**3 - 8*q**2 + 11*q - 5. Give n(7).
23
Let h(b) = -6*b - 121. Determine h(-23).
17
Let a(d) = 4*d**2 + 9*d - 11. Give a(5).
134
Let g(x) = -x**2 - 3*x + 25. Give g(-8).
-15
Let b(a) = 16*a + 58. Determine b(-3).
10
Let w(n) = n**3 - n**2 + 2*n + 12. What is w(0)?
12
Let u(w) = w**3 - 10*w**2 - 11*w - 16. Give u(11).
-16
Let t(o) = o - 4. Determine t(0).
-4
Let m(c) = c**3 - 3*c**2 - c + 1. Give m(3).
-2
Let s(p) = -7*p - 63. Give s(-8).
-7
Let t(q) = -3*q - 3. What is t(2)?
-9
Let j(p) = -p**3 + 6*p**2 + p - 3. Calculate j(5).
27
Let s(f) = -f**3 + 11*f**2 - 10*f + 5. What is s(10)?
5
Let j(a) = -7*a + 45. What is j(5)?
10
Let d(z) = -16*z - 2. Calculate d(2).
-34
Let i(b) = 2*b - 11. Determine i(0).
-11
Let r(u) = -6*u. Calculate r(-1).
6
Let p(c) = 2*c**2 + 16*c + 10. What is p(-11)?
76
Let m(q) = -2*q - 51. Calculate m(-16).
-19
Let s(c) = c**2 - 20*c - 14. Determine s(20).
-14
Let y(g) = -g**2 + 5*g + 8. Calculate y(8).
-16
Let w(r) = -3*r**3 + 39*r**2 + 44*r - 35. What is w(14)?
-7
Let z(y) = -3*y + 11. What is z(8)?
-13
Let j(y) = 2*y**3 + 3*y**2 + 3*y + 2. Determine j(-2).
-8
Let u(z) = z**3 - 6*z**2 - 4*z + 6. Determine u(4).
-42
Let n(h) = h**2 + 4*h - 2. Calculate n(-2).
-6
Let f(s) = -s**2 + 2*s + 162. Determine f(14).
-6
Let g(a) = -a**2 - 7*a + 4. Give g(-8).
-4
Let v(a) = -a**3 - 11*a**2 - 7*a - 10. Calculate v(-9).
-109
Let z(h) = h + 6. Give z(-9).
-3
Let m(x) = -2*x**2 - 38*x + 49. Calculate m(-20).
9
Let k(d) = -25*d + 316. What is k(13)?
-9
Let f(p) = p**2 - 3*p - 22. Determine f(6).
-4
Let k(h) = -14*h**2 + 141*h - 8. Calculate k(10).
2
Let a(f) = -f**3 - 7*f**2 - 5*f. Calculate a(-4).
-28
Let g(u) = u**3 + 34*u**2 - 2*u - 38. Give g(-34).
30
Let l(b) = 16*b + 8. Give l(0).
8
Let y(u) = -2*u**2 + 40*u + 35. Determine y(21).
-7
Let d(f) = 2*f**2 + f - 4. Give d(-2).
2
Let d(u) = u**2 + 2*u + 17. Give d(0).
17
Let a(m) = m**3 - 6*m**2 + 4*m + 6. Give a(5).
1
Let l(z) = z**3 - 7*z**2 + 4*z. Give l(6).
-12
Let d(q) = -q**2 - 16*q - 21. Give d(-14).
7
Let r(h) = h**2 - 11*h + 4. Calculate r(9).
-14
Let f(z) = -5*z**2 - 4*z - 5. Give f(-2).
-17
Let y(o) = 18*o - 7. What is y(-2)?
-43
Let t(s) = -15*s + 145. Calculate t(9).
10
Let f(n) = 7*n**2 + 250*n - 65. Determine f(-36).
7
Let z(s) = 27*s - 372. What is z(14)?
6
Let u(n) = -n**2 - 13*n - 4. What is u(-13)?
-4
Let b(y) = -19*y - 10. Give b(-1).
9
Let t(u) = u - 5. What is t(0)?
-5
Let d(s) = s - 20. Determine d(2).
-18
Let v(u) = -u**3 + 17*u**2 + 14*u + 43. Give v(18).
-29
Let j(y) = 14*y**2 + 68*y - 4. Determine j(-5).
6
Let s(j) = j**2 - 7*j + 5. Give s(6).
-1
Let r(c) = c**2 + 17*c + 54. Determine r(-15).
24
Let g(p) = -p**2 - p - 127. Give g(0).
-127
Let f(h) = -h**3 + 4*h**2 - 2. Calculate f(5).
-27
Let g(l) = -l**3 - 9*l**2 - 7*l - 9. What is g(-8)?
-17
Let v(s) = s**3 - 2*s**2 + 3*s. Give v(-3).
-54
Let j(h) = -3*h**3 + 2*h**2 - 2. Give j(-2).
30
Let i(c) = 16*c + 144. Determine i(-10).
-16
Let i(n) = n**2 + 7*n - 9. Calculate i(-9).
9
Let q(a) = a**3 + 4*a**2 + a + 2. Give q(-2).
8
Let v(h) = h**3 + 7*h**2 + 7*h + 4. Give v(-2).
10
Let z(k) = 43*k - 128. Calculate z(3).
1
Let a(n) = -4*n**2 - n - 1. Determine a(2).
-19
Let j(q) = -q + 17. Give j(8).
9
Let s(j) = -7*j + 142. Give s(19).
9
Let v(t) = 3*t**2 + 8*t - 1. What is v(-6)?
59
Let b(r) = r**3 - 11*r**2 + 10*r + 2. What is b(10)?
2
Let f(y) = -5*y**3 + y**2 + 1. Calculate f(2).
-35
Let x(n) = 4*n - 5. Calculate x(2).
3
Let x(v) = -2*v - 144. What is x(-69)?
-6
Let m(f) = -4*f + 38. Determine m(9).
2
Let l(t) = t + 5. Give l(-4).
1
Let a(n) = n**2 - 6*n + 13. What is a(4)?
5
Let r(s) = -s**3 + 2*s**2 - s + 7. Give r(0).
7
Let v(g) = g**2 + g - 21. Give v(10).
89
Let a(q) = 8*q + 24. Give a(6).
72
Let j(a) = -6*a**2 + 3*a + 2. Calculate j(-1).
-7
Let u(f) = -33*f**3 - f**2 + 2*f - 2. Determine u(1).
-34
Let t(u) = -u**3 + 11*u**2 - 11*u + 8. What is t(10)?
-2
Let p(a) = a**3 + 10*a**2 + 26*a + 13. Calculate p(-6).
1
Let t(q) = q - 4. Determine t(11).
7
Let a(z) = -11*z + 24. Determine a(9).
-75
Let u(s) = -s**3 - 3*s**2 + s - 4. What is u(-3)?
-7
Let y(x) = -5*x**2 + 28*x + 6. Determine y(6).
-6
Let g(l) = -l**3 + l**2 - 18*l - 90. Determine g(-3).
0
Let s(t) = -t + 17. Determine s(7).
10
Let m(x) = x**2 + 2*x - 13. Determine m(-4).
-5
Let a(j) = 9*j + 33. Calculate a(-4).
-3
Let j(p) = p**3 + 8*p**2 + 14*p + 13. What is j(-6)?
1
Let l(h) = 9*h + 281. Give l(-32).
-7
Let m(n) = -n**3 - 8*n**2 - n - 1. Calculate m(-8).
7
Let g(l